hen 25 is divided by l?
11
Let x be (3 + 0)*(-1 + 2). What is the remainder when (-186)/(-12)*(-1 + x) is divided by 16?
15
Let l(n) = -n**3 + 5*n**2 - 3*n + 3. Let p(k) = k**3 + 8*k**2 + 7*k - 3. What is the remainder when p(-6) is divided by l(4)?
6
Let u be (-2)/(4/2) + 10. Let z be (-1)/(-2) - (1 - (-6)/(-4)). Calculate the remainder when -11 + u - -25*z is divided by 12.
11
Suppose 3*j + 3 = d - j, -5*j = -5*d + 15. Let t be 1/((-1)/(-6))*-2. Let o = -8 - t. What is the remainder when o is divided by d?
1
Calculate the remainder when (106/(-3) + 0)/((-4)/6) is divided by 15*3/10*4.
17
Let y = -41 + 81. Suppose q - 23 = -9. What is the remainder when y is divided by q?
12
Let w(z) = -4*z + 2. What is the remainder when 40 is divided by w(-3)?
12
Let h = -23 + 39. Let u = 70 + -39. What is the remainder when u is divided by h?
15
Suppose -64 = -3*g - 2*w + 151, 8 = 2*w. What is the remainder when g is divided by 12?
9
Let u be (-170)/(-45) + 2/9. Let o = u + 4. Calculate the remainder when 23 is divided by o.
7
Let x = 7 - 5. Suppose -x*i = i - 108. What is the remainder when i is divided by 19?
17
Suppose 23 = 3*m - 196. Calculate the remainder when m is divided by 37.
36
Let z(t) = 6*t**2 + 1. Calculate the remainder when 12 is divided by z(1).
5
Suppose 0*p = -5*o - 5*p + 210, -p + 180 = 4*o. Suppose 4*s + r + r - 38 = 0, 0 = -2*s + r + 29. What is the remainder when o is divided by s?
10
Let u(z) = -20*z**3 + z**2 - 2*z + 1. Let l be u(1). Let a = -5 - l. What is the remainder when 29 is divided by a?
14
Suppose -5*g = 4*b - 76, 5*g + 0*g - 68 = -2*b. Suppose -k + 17 + 30 = 0. Calculate the remainder when k is divided by g.
11
Suppose 5*g - 410 = -5*c, 6*g - 296 = 2*g + 4*c. What is the remainder when g is divided by 20?
18
Suppose 4*h - h = 0. Suppose h = 4*u + 16, 3*q - 3*u = 40 + 29. What is the remainder when 93 is divided by q?
17
Let r = 24 + -16. What is the remainder when 30 is divided by r?
6
Suppose 0 = m - 0*m - 11. Let k = m + -7. Calculate the remainder when k is divided by 3.
1
What is the remainder when -14 + 183 - ((1 - 4) + 0) is divided by 29?
27
What is the remainder when 166 is divided by (-3 - 5/(-2))/(1/(-84))?
40
Let t(n) = n. Let w be t(-1). Let j(y) = 7*y - 1. Let v be j(w). Let l(o) = o**3 + 9*o**2 + 7*o + 11. Calculate the remainder when l(v) is divided by 7.
5
Let z(i) = -i**3 - 5*i**2 - 11*i - 13. What is the remainder when z(-6) is divided by 23?
20
Let c(r) = -12*r - 18. What is the remainder when 59 is divided by c(-4)?
29
Let s(r) be the second derivative of 0 + 3/2*r**3 + r + 1/2*r**2. What is the remainder when 29 is divided by s(1)?
9
Let a(n) be the third derivative of n**5/60 + n**4/24 + 5*n**3/2 - 2*n**2. Let k(t) = 7*t**3 + t. Calculate the remainder when a(0) is divided by k(1).
7
Let r(n) = n + 4*n**2 + 6*n**2 + 3 - 4. What is the remainder when r(2) is divided by 14?
13
Suppose -4*v + 20 = -3*g, -25 = -3*v - 4*g + 15. Let l be ((-8)/(-10))/((-3)/(-60)). Let w = l - v. What is the remainder when w is divided by 5?
3
What is the remainder when (2/4)/((-8)/(-976)) is divided by 31?
30
Let p(m) = 3*m**2 - 9*m + 20. Calculate the remainder when p(6) is divided by 25.
24
Let o(b) be the second derivative of -b**5/20 + 2*b**4/3 - 5*b**3/6 - 2*b**2 - 5*b. Calculate the remainder when 38 is divided by o(7).
8
Let j = 74 - 53. Suppose 2*u = 3*f + 3*u - 180, 4*f - 241 = -u. What is the remainder when f is divided by j?
19
Suppose 0 = 2*w - 71 + 19. Calculate the remainder when w is divided by 16.
10
Let f(w) = w**3 + 12*w**2 - w - 8. Calculate the remainder when 12 is divided by f(-12).
0
What is the remainder when 39 is divided by (-5)/20 - (-29)/4?
4
Suppose -4*u + u = -6. Let x(j) = -j - 5*j**2 + 5*j**2 + 5 + j**2. What is the remainder when x(0) is divided by u?
1
Let d be 17/(-2)*-2 - 1. Let m = -2 - -6. Suppose 0*z = -2*z + 2, 0 = 4*q + m*z - d. What is the remainder when 5 is divided by q?
2
Let q(w) = -8*w - w - 3*w. Suppose -l - 2*a - 8 = -3, -3*a = 2*l + 8. What is the remainder when 46 is divided by q(l)?
10
Let s(g) be the third derivative of g**6/120 - g**5/5 + 11*g**4/24 + 2*g**3/3 + g**2. Let a = -14 - -25. What is the remainder when 11 is divided by s(a)?
3
Let r = -18 + 25. Let h(p) = -r + 9*p + 3*p + 2 - 3*p + p**2. Calculate the remainder when 17 is divided by h(-10).
2
Suppose x + 2*d = 1 + 14, -4*x + 4*d = 0. Suppose -g + u = 3*u - 74, -5*u + 350 = x*g. Calculate the remainder when g is divided by 17.
15
Let z = -34 + 50. Let j = -14 - -23. Calculate the remainder when z is divided by j.
7
What is the remainder when (-16)/(-6)*(-630)/(-28) is divided by 33?
27
Let h(a) = a + 8. Let q be h(-6). Suppose 6*z = q*z + 44. What is the remainder when z is divided by 7?
4
Let d(s) = s**2 - s + 69. Calculate the remainder when d(0) is divided by 24.
21
Let y = 31 - 23. What is the remainder when 25 is divided by y?
1
What is the remainder when -2 - -10*(-52)/(-8) is divided by 22?
19
Let a = -26 + 39. What is the remainder when a is divided by 8?
5
Suppose f - 4 = -n, 4*n + 3*f - 14 - 3 = 0. What is the remainder when 38 is divided by n?
3
Suppose v = 5*v - 88. What is the remainder when 85 is divided by v?
19
Let j = -5 - -8. Suppose j*b = -b + 16. Suppose -3*x - f = -x - 5, -f + 13 = b*x. Calculate the remainder when x is divided by 3.
1
Suppose 0 = l + 4*f - 13, 2*l - 2*f = f + 4. Let i(h) = h**3 - 2*h**2 + h + 1. Calculate the remainder when l is divided by i(2).
2
Suppose -c + 4*l + 2 + 8 = 0, -3*l = c - 10. Calculate the remainder when 19 is divided by (1 + 0)*(c - 3).
5
Let o be (-3 - -4)*0/(-2). Suppose -5*k + 4 = -2*p, 3*p - 4*p - k + 12 = o. What is the remainder when p is divided by 0 - 10/4*-2?
3
Suppose -2*p = 2*i - 24, -2*i = 3*p - 6*i - 71. Calculate the remainder when 66 is divided by p.
15
Suppose 5*o = -5*n - 70, -63 = 3*n - 4*o + 7. Calculate the remainder when (-6)/n + 160/6 is divided by 15.
12
Let w be (-5 - -2)/((-3)/(-2)). Let l = w - -3. Calculate the remainder when l is divided by 1.
0
Let d(h) = 10*h**2 + 3*h + 1. Suppose -4*f - 15 = i, 2*i + 25 = -3*i + 5*f. Let k = i + 5. What is the remainder when d(k) is divided by 12?
11
Suppose -2*d = -25 - 19. Let w = d + -15. Calculate the remainder when w is divided by 4.
3
Suppose -2*i + 6*i - 96 = 0. Calculate the remainder when 69 is divided by i.
21
Let z be 1 - 2 - 20 - 1. Let l = z - -32. What is the remainder when (-19)/((-1)/(-1) - 2) is divided by l?
9
Suppose -3 = -5*k + j + 3, 5*j - 28 = -4*k. Let f = -43 + 46. Calculate the remainder when f is divided by k.
1
Let w(v) = 3*v**2 + 16*v - 16. Let f be w(-12). Suppose 5*g + f = 9*g. What is the remainder when g is divided by 19?
18
Suppose -5*c = -c + 8. Calculate the remainder when 31 is divided by (c + (-10)/(-4))*16.
7
Suppose -3*g + 26 = -91. Let o = -16 + g. What is the remainder when o is divided by 6?
5
Let z = 10 - 8. Let f be (-2)/(-9) - (-14)/18. What is the remainder when z is divided by 2/2 + f + 0?
0
Suppose c - 4 = -2*s, 3*c + 16 = 5*s + 7*c. Let y = 8 + s. Calculate the remainder when 30 is divided by y.
6
Suppose -107 = -4*h + 245. Let g = -26 + h. Calculate the remainder when g is divided by 21.
20
Let z = 37 + -24. Suppose -4*g + 17 = 5. Suppose 7*v - 14 = g*v - 2*y, -y = 4*v - 17. What is the remainder when z is divided by v?
3
Let w(m) = m**2 - 2*m. Suppose -a + 2*x - 29 = -6*a, -a = -5*x + 5. What is the remainder when 28 is divided by w(a)?
13
Suppose 2*o = v + 4, -4*v - 3 - 1 = -2*o. Suppose g - 14 = -v*g. Calculate the remainder when 27 is divided by g.
13
Let h be 0/3*3/6. Suppose 2*d = x - 2 - h, -5*d + x = 11. What is the remainder when 31 + (-9)/d*1 is divided by 18?
16
What is the remainder when (-171)/(-6) - 1/(-2) is divided by 6?
5
Let y(x) = -4*x - 2. Calculate the remainder when y(-4) is divided by 4.
2
Suppose -3*q + 129 = 5*p - 4*q, -q = -2*p + 54. Suppose j = -4*n - 0*j + 297, -345 = -5*n + 4*j. What is the remainder when n is divided by p?
23
Suppose -2*u + 176 = -v, -14*u + v - 180 = -16*u. What is the remainder when u is divided by 25?
14
Suppose 2*w - 4*w + 11 = -3*h, 3*w - 9 = -3*h. Suppose 33 = 4*d + l, 3*d - 21 = w*l - 1. Let b = -6 - -11. Calculate the remainder when d is divided by b.
3
Let l(r) = 2*r**2 - r. Let x b